
{"id":5578,"date":"2018-01-18T18:04:04","date_gmt":"2018-01-18T23:04:04","guid":{"rendered":"http:\/\/132.236.156.160\/cuccap\/?page_id=5578"},"modified":"2024-01-17T15:44:56","modified_gmt":"2024-01-17T20:44:56","slug":"manejo-del-anublo-lanoso-de-la-cucurbitaceas-para-los-agricultores","status":"publish","type":"page","link":"http:\/\/132.236.156.160\/cuccap\/espanol\/manejo-del-anublo-lanoso-de-la-cucurbitaceas-para-los-agricultores\/","title":{"rendered":"Manejo del A\u00f1ublo Lanoso de las Cucurbit\u00e1ceas para los Agricultores"},"content":{"rendered":"<p>El estado de Michigan ocupa el primer lugar, en los Estados Unidos, en la producci\u00f3n de pepinos para conservas en vinagre y n\u00famero tres en la producci\u00f3n de pepino fresco en la naci\u00f3n. <em>Pseudoperonospora<\/em> <em>cubensis<\/em>, infecta a una diversidad de cucurbit\u00e1ceas incluyendo pepinos, calabacines, calabazas, sand\u00edas, melones, cantalupo, y causa el a\u00f1ublo lanoso. El a\u00f1ublo lanoso resurgi\u00f3 como un problema en los pepinos en Michigan en agosto de 2005, cuando la enfermedad se extendi\u00f3 a trav\u00e9s de la regi\u00f3n este de los Estados Unidos y ha resurgido anualmente desde entonces.<\/p>\n<h2>\u00bfComo Reconocer A\u00f1ublo Lanoso en Cucurbit\u00e1ceas?<\/h2>\n<ul>\n<li>Amarillamiento en la superficie superior de las hojas unidas por venas.<\/li>\n<li>Crecimiento de esporas oscuras aterciopeladas o difusas en el env\u00e9s de las hojas.<\/li>\n<\/ul>\n<div id=\"attachment_5769\" style=\"width: 610px\" class=\"wp-caption aligncenter\"><img aria-describedby=\"caption-attachment-5769\" decoding=\"async\" loading=\"lazy\" class=\"size-full wp-image-5769\" src=\"http:\/\/132.236.156.160\/cuccap\/wp-content\/uploads\/sites\/6\/2018\/01\/downy_mildew_leaf_top.jpg\" alt=\"\" width=\"600\" height=\"450\" srcset=\"http:\/\/132.236.156.160\/cuccap\/wp-content\/uploads\/sites\/6\/2018\/01\/downy_mildew_leaf_top.jpg 600w, http:\/\/132.236.156.160\/cuccap\/wp-content\/uploads\/sites\/6\/2018\/01\/downy_mildew_leaf_top-150x113.jpg 150w, http:\/\/132.236.156.160\/cuccap\/wp-content\/uploads\/sites\/6\/2018\/01\/downy_mildew_leaf_top-300x225.jpg 300w\" sizes=\"(max-width: 600px) 100vw, 600px\" \/><p id=\"caption-attachment-5769\" class=\"wp-caption-text\">Parte superior de la hoja de pepino con lesiones amarillas definidas por las venas.<\/p><\/div>\n<div id=\"attachment_5770\" style=\"width: 610px\" class=\"wp-caption aligncenter\"><img aria-describedby=\"caption-attachment-5770\" decoding=\"async\" loading=\"lazy\" class=\"wp-image-5770\" src=\"http:\/\/132.236.156.160\/cuccap\/wp-content\/uploads\/sites\/6\/2018\/01\/downy_mildew_leaf_bottom.jpg\" alt=\"\" width=\"600\" height=\"449\" srcset=\"http:\/\/132.236.156.160\/cuccap\/wp-content\/uploads\/sites\/6\/2018\/01\/downy_mildew_leaf_bottom.jpg 601w, http:\/\/132.236.156.160\/cuccap\/wp-content\/uploads\/sites\/6\/2018\/01\/downy_mildew_leaf_bottom-150x112.jpg 150w, http:\/\/132.236.156.160\/cuccap\/wp-content\/uploads\/sites\/6\/2018\/01\/downy_mildew_leaf_bottom-300x225.jpg 300w\" sizes=\"(max-width: 600px) 100vw, 600px\" \/><p id=\"caption-attachment-5770\" class=\"wp-caption-text\">Parte inferior de la hoja del pepino que exhibe las masas oscuras difusas de la espora.<\/p><\/div>\n<p>El a\u00f1ublo lanoso causa s\u00edntomas en las hojas similares a la mancha angular de la hoja. Lesiones amarillas pueden observarse en la superficie superior de las hojas infectadas. Sin embargo, el signo indicador del a\u00f1ublo lanoso es la pelusa gris a negro en la parte inferior de la hoja dando un aspecto algo &#8220;sucio&#8221; o de &#8220;terciopelo\u201d. Este signo puede ser m\u00e1s evidente durante la ma\u00f1ana.<\/p>\n<p>El a\u00f1ublo polvoriento es conocido por causar p\u00e9rdidas catastr\u00f3ficas en un corto per\u00edodo de tiempo. <em>Ps. cubensis<\/em> es un biotrofo obligado, lo que significa que no puede sobrevivir mucho tiempo sin una planta hu\u00e9sped. Esta condici\u00f3n restringe al pat\u00f3geno a climas m\u00e1s c\u00e1lidos durante los meses de invierno, incluyendo los estados del sur y los invernaderos. El a\u00f1ublo polvoriento es diseminado a los campos adyacentes en las corrientes de aire, las esporas microsc\u00f3picas act\u00faan como semillas del pat\u00f3geno. Condiciones frescas (~ 60 \u00b0 F), h\u00famedas y d\u00edas nublados crean un ambiente ideal para que las esporas del a\u00f1ublo lanoso sobrevivan fuera del hu\u00e9sped. Cuando las condiciones son favorables, el follaje desprotegido puede quedar totalmente arruinado en un periodo de 14 d\u00edas luego de la infecci\u00f3n inicial.<\/p>\n<p>Para facilitar la detecci\u00f3n temprana del a\u00f1ublo lanoso, las esporas aerotransportadas del pat\u00f3geno son muestreadas usando trampas localizadas en las regiones de mayor producci\u00f3n de Michigan durante la primavera y el invierno. Las trampas de esporas toman muestras continuas de aire y recogen las esporas incrust\u00e1ndolas en una pel\u00edcula que se retira y se lleva al laboratorio para su identificaci\u00f3n y cuantificaci\u00f3n. Se utiliza un microscopio compuesto para identificar y contar las esporas de <em>Ps. cubensis<\/em> que est\u00e1n presentes en las cintas adhesivas. Las trampas de esporas nos ayudan a detectar la entrada de esporas en las regiones de producci\u00f3n donde las trampas de esporas est\u00e1n localizadas, pero esta informaci\u00f3n no se utiliza para programar aspersiones de fungicidas.<\/p>\n<div id=\"attachment_5771\" style=\"width: 610px\" class=\"wp-caption aligncenter\"><img aria-describedby=\"caption-attachment-5771\" decoding=\"async\" loading=\"lazy\" class=\"wp-image-5771\" src=\"http:\/\/132.236.156.160\/cuccap\/wp-content\/uploads\/sites\/6\/2018\/01\/downy-mildew-c.jpg\" alt=\"\" width=\"600\" height=\"390\" srcset=\"http:\/\/132.236.156.160\/cuccap\/wp-content\/uploads\/sites\/6\/2018\/01\/downy-mildew-c.jpg 690w, http:\/\/132.236.156.160\/cuccap\/wp-content\/uploads\/sites\/6\/2018\/01\/downy-mildew-c-150x98.jpg 150w, http:\/\/132.236.156.160\/cuccap\/wp-content\/uploads\/sites\/6\/2018\/01\/downy-mildew-c-300x195.jpg 300w\" sizes=\"(max-width: 600px) 100vw, 600px\" \/><p id=\"caption-attachment-5771\" class=\"wp-caption-text\">Una trampa de esporas usada para el monitoreo de las esporas del a\u00f1ublo lanoso<\/p><\/div>\n<p>&nbsp;<\/p>\n<div id=\"attachment_5772\" style=\"width: 610px\" class=\"wp-caption aligncenter\"><img aria-describedby=\"caption-attachment-5772\" decoding=\"async\" loading=\"lazy\" class=\"wp-image-5772\" src=\"http:\/\/132.236.156.160\/cuccap\/wp-content\/uploads\/sites\/6\/2018\/01\/downy_mildew_spore.jpg\" alt=\"view of pathogen in microscope\" width=\"600\" height=\"261\" srcset=\"http:\/\/132.236.156.160\/cuccap\/wp-content\/uploads\/sites\/6\/2018\/01\/downy_mildew_spore.jpg 900w, http:\/\/132.236.156.160\/cuccap\/wp-content\/uploads\/sites\/6\/2018\/01\/downy_mildew_spore-150x65.jpg 150w, http:\/\/132.236.156.160\/cuccap\/wp-content\/uploads\/sites\/6\/2018\/01\/downy_mildew_spore-300x130.jpg 300w, http:\/\/132.236.156.160\/cuccap\/wp-content\/uploads\/sites\/6\/2018\/01\/downy_mildew_spore-768x334.jpg 768w\" sizes=\"(max-width: 600px) 100vw, 600px\" \/><p id=\"caption-attachment-5772\" class=\"wp-caption-text\">Una espora de Ps. <em>cubensis<\/em> observada utilizando un microscopio compuesto y tinci\u00f3n azul.<\/p><\/div>\n<p>Existen algunas pr\u00e1cticas de manejo que pueden ser utilizadas para el control del a\u00f1ublo lanoso. Antes del brote del a\u00f1ublo lanoso del 2005, la enfermedad era eficazmente controlada a trav\u00e9s de la resistencia del hu\u00e9sped. Sin embargo, desde entonces no se han identificado cultivares que presente una resistencia completa al a\u00f1ublo lanoso. Una estrategia de manejo debe enfocarse en medidas preventivas como reducir la posibilidad de que el a\u00f1ublo lanoso de las cucurbit\u00e1ceas se establezca. Como el a\u00f1ublo lanoso normalmente se establece al final del verano en Michigan, sembrar cucurbit\u00e1ceas temprano en la temporada ayudar\u00e1 a los agricultores a que tengan m\u00e1s frutas listas antes de que el a\u00f1ublo lanoso se convierta en un problema en el estado. Otra opci\u00f3n es reducir las condiciones \u00f3ptimas de crecimeinto para <em>Ps. cubensis<\/em> es otra opci\u00f3n. Por instancias, los agricultores deben evitar irrigar cuando hay humedad en el follaje por periodos extensos, como en las noches. Si el a\u00f1ublo lanoso se establece en o cerca de su finca, fungicidas que contienen el ingrediente activo chlorothalonil puede proveer alguna protecci\u00f3n contra la enfermedad.<\/p>\n\n\t\t<style type=\"text\/css\">\n\t\t\t#gallery-1 {\n\t\t\t\tmargin: auto;\n\t\t\t}\n\t\t\t#gallery-1 .gallery-item {\n\t\t\t\tfloat: left;\n\t\t\t\tmargin-top: 10px;\n\t\t\t\ttext-align: center;\n\t\t\t\twidth: 33%;\n\t\t\t}\n\t\t\t#gallery-1 img {\n\t\t\t\tborder: 2px solid #cfcfcf;\n\t\t\t}\n\t\t\t#gallery-1 .gallery-caption {\n\t\t\t\tmargin-left: 0;\n\t\t\t}\n\t\t\t\/* see gallery_shortcode() in wp-includes\/media.php *\/\n\t\t<\/style>\n\t\t<div id='gallery-1' class='gallery galleryid-5578 gallery-columns-3 gallery-size-medium'><dl class='gallery-item'>\n\t\t\t<dt class='gallery-icon landscape'>\n\t\t\t\t<a href='http:\/\/132.236.156.160\/cuccap\/espanol\/manejo-del-anublo-lanoso-de-la-cucurbitaceas-para-los-agricultores\/downy-mildew_a\/'><img width=\"300\" height=\"221\" src=\"http:\/\/132.236.156.160\/cuccap\/wp-content\/uploads\/sites\/6\/2018\/01\/downy-mildew_a-300x221.jpg\" class=\"attachment-medium size-medium\" alt=\"lesions on leaf\" decoding=\"async\" aria-describedby=\"gallery-1-5773\" loading=\"lazy\" srcset=\"http:\/\/132.236.156.160\/cuccap\/wp-content\/uploads\/sites\/6\/2018\/01\/downy-mildew_a-300x221.jpg 300w, http:\/\/132.236.156.160\/cuccap\/wp-content\/uploads\/sites\/6\/2018\/01\/downy-mildew_a-150x111.jpg 150w, http:\/\/132.236.156.160\/cuccap\/wp-content\/uploads\/sites\/6\/2018\/01\/downy-mildew_a.jpg 601w\" sizes=\"(max-width: 300px) 100vw, 300px\" \/><\/a>\n\t\t\t<\/dt>\n\t\t\t\t<dd class='wp-caption-text gallery-caption' id='gallery-1-5773'>\n\t\t\t\tS\u00edntomas del a\u00f1ublo lanoso en cantalupo.\n\t\t\t\t<\/dd><\/dl><dl class='gallery-item'>\n\t\t\t<dt class='gallery-icon landscape'>\n\t\t\t\t<a href='http:\/\/132.236.156.160\/cuccap\/espanol\/manejo-del-anublo-lanoso-de-la-cucurbitaceas-para-los-agricultores\/downy-mildew_b\/'><img width=\"300\" height=\"217\" src=\"http:\/\/132.236.156.160\/cuccap\/wp-content\/uploads\/sites\/6\/2018\/01\/downy-mildew_b-300x217.jpg\" class=\"attachment-medium size-medium\" alt=\"lesions on leaf\" decoding=\"async\" aria-describedby=\"gallery-1-5774\" loading=\"lazy\" srcset=\"http:\/\/132.236.156.160\/cuccap\/wp-content\/uploads\/sites\/6\/2018\/01\/downy-mildew_b-300x217.jpg 300w, http:\/\/132.236.156.160\/cuccap\/wp-content\/uploads\/sites\/6\/2018\/01\/downy-mildew_b-150x109.jpg 150w, http:\/\/132.236.156.160\/cuccap\/wp-content\/uploads\/sites\/6\/2018\/01\/downy-mildew_b.jpg 600w\" sizes=\"(max-width: 300px) 100vw, 300px\" \/><\/a>\n\t\t\t<\/dt>\n\t\t\t\t<dd class='wp-caption-text gallery-caption' id='gallery-1-5774'>\n\t\t\t\tS\u00edntomas del a\u00f1ublo lanoso en sandia.\n\t\t\t\t<\/dd><\/dl><dl class='gallery-item'>\n\t\t\t<dt class='gallery-icon landscape'>\n\t\t\t\t<a href='http:\/\/132.236.156.160\/cuccap\/espanol\/manejo-del-anublo-lanoso-de-la-cucurbitaceas-para-los-agricultores\/downy_mildew_c\/'><img width=\"300\" height=\"244\" src=\"http:\/\/132.236.156.160\/cuccap\/wp-content\/uploads\/sites\/6\/2018\/01\/downy_mildew_c-300x244.jpg\" class=\"attachment-medium size-medium\" alt=\"lesions on leaf\" decoding=\"async\" aria-describedby=\"gallery-1-5775\" loading=\"lazy\" srcset=\"http:\/\/132.236.156.160\/cuccap\/wp-content\/uploads\/sites\/6\/2018\/01\/downy_mildew_c-300x244.jpg 300w, http:\/\/132.236.156.160\/cuccap\/wp-content\/uploads\/sites\/6\/2018\/01\/downy_mildew_c-150x122.jpg 150w, http:\/\/132.236.156.160\/cuccap\/wp-content\/uploads\/sites\/6\/2018\/01\/downy_mildew_c.jpg 600w\" sizes=\"(max-width: 300px) 100vw, 300px\" \/><\/a>\n\t\t\t<\/dt>\n\t\t\t\t<dd class='wp-caption-text gallery-caption' id='gallery-1-5775'>\n\t\t\t\tS\u00edntomas del a\u00f1ublo lanoso en calabaza \u201cacorn\u201d.\n\t\t\t\t<\/dd><\/dl><br style=\"clear: both\" \/>\n\t\t<\/div>\n\n<p style=\"text-align: center\">Lesiones en estos cultivos no son tan notables como cuando se compara a los s\u00edntomas que presenta en pepino<\/p>\n<p>Visite <a href=\"http:\/\/www.veggies.msu.edu\" target=\"_blank\" rel=\"noopener\">www.veggies.msu.edu<\/a> y bajo \u201cCucurbit Downy Mildew News\u201d puede obtener m\u00e1s informaci\u00f3n al respecto. Si usted necesita ayuda en identificar el a\u00f1ublo lanoso, presione \u201c<a href=\"https:\/\/veggies.msu.edu\/wp-content\/uploads\/2016\/05\/DM-How-to-submit-samples.pdf\" target=\"_blank\" rel=\"noopener\">How to submit samples<\/a>,\u201d para instrucciones en como enviar una muestra a la Cl\u00ednica de Diagn\u00f3stico de MSU.<\/p>\n<h2>\u00bfC\u00f3mo Controlar el A\u00f1ublo Lanoso?<\/h2>\n<ul>\n<li>Siembre cucurbit\u00e1ceas temprano en la temporada.<\/li>\n<li>Riege cuando el follaje pueda secarse r\u00e1pidamente.<\/li>\n<li>Evite regar en las tardes.<\/li>\n<\/ul>\n<p>NOTA: Recuerde que la etiqueta del pesticida es el documento legal sobre el uso de pesticidas. Lea la etiqueta y siga todas las instrucciones adecuadamente. El uso de un plaguicida de una manera no conforme con la etiqueta puede conducir a da\u00f1os en los cultivos, humanos, animales y el medio ambiente y tambi\u00e9n puede conducir a multas civiles o criminales y\/o la p\u00e9rdida del cultivo. Los plaguicidas son buenas herramientas de manejo para el control de plagas en los cultivos, pero s\u00f3lo cuando se usan de manera segura, eficaz y prudente seg\u00fan la etiqueta.<\/p>\n<h3>Autores:<\/h3>\n<ul>\n<li><strong>Dr. Mary K. Hausbeck<\/strong><br \/>\nProfesor y Especialista de Extensi\u00f3n<br \/>\nMichigan State University<\/li>\n<li><strong>Jarrod Morrice<\/strong><br \/>\nAsistente de investigaci\u00f3n<\/li>\n<li><strong>Sheila D. Linderman<\/strong><br \/>\nAsistente de investigaci\u00f3n<\/li>\n<\/ul>\n<p>Fecha de publicaci\u00f3n: mayo de 2016<\/p>\n<p>Aqu\u00ed hay una versi\u00f3n alternativa en ingl\u00e9s de este documento:\u00a0<a href=\"https:\/\/veggies.msu.edu\/wp-content\/uploads\/2016\/06\/FS_Management-of-Cucurbit-Downy-Mildew-for-Home-Gardeners.pdf\" target=\"_blank\" rel=\"noopener noreferrer\">Management of Cucurbit Downy Mildew for Home Gardeners<\/a>.<\/p>\n<h3>Traducido al Espa\u00f1ol:<\/h3>\n<ul>\n<li><strong>Dr. Angela Linares Ram\u00edrez<\/strong><br \/>\nCatedr\u00e1tica Auxiliar, UPRM<\/li>\n<li><strong>Magdiel Miranda<\/strong><br \/>\nEstudiante Graduado<\/li>\n<\/ul>\n<p>Publicado en espa\u00f1ol: enero 2018<\/p>\n","protected":false},"excerpt":{"rendered":"<p>El estado de Michigan ocupa el primer lugar, en los Estados Unidos, en la producci\u00f3n de pepinos para conservas en vinagre y n\u00famero tres en la producci\u00f3n de pepino fresco en la naci\u00f3n. Pseudoperonospora cubensis, infecta a una diversidad de cucurbit\u00e1ceas incluyendo pepinos, calabacines, calabazas, sand\u00edas, melones, cantalupo, y causa el a\u00f1ublo lanoso. El a\u00f1ublo [&hellip;]<\/p>\n","protected":false},"author":8,"featured_media":0,"parent":636,"menu_order":6,"comment_status":"closed","ping_status":"closed","template":"page-fullwidth.php","meta":{"footnotes":""},"tags":[497],"_links":{"self":[{"href":"http:\/\/132.236.156.160\/cuccap\/wp-json\/wp\/v2\/pages\/5578"}],"collection":[{"href":"http:\/\/132.236.156.160\/cuccap\/wp-json\/wp\/v2\/pages"}],"about":[{"href":"http:\/\/132.236.156.160\/cuccap\/wp-json\/wp\/v2\/types\/page"}],"author":[{"embeddable":true,"href":"http:\/\/132.236.156.160\/cuccap\/wp-json\/wp\/v2\/users\/8"}],"replies":[{"embeddable":true,"href":"http:\/\/132.236.156.160\/cuccap\/wp-json\/wp\/v2\/comments?post=5578"}],"version-history":[{"count":13,"href":"http:\/\/132.236.156.160\/cuccap\/wp-json\/wp\/v2\/pages\/5578\/revisions"}],"predecessor-version":[{"id":12960,"href":"http:\/\/132.236.156.160\/cuccap\/wp-json\/wp\/v2\/pages\/5578\/revisions\/12960"}],"up":[{"embeddable":true,"href":"http:\/\/132.236.156.160\/cuccap\/wp-json\/wp\/v2\/pages\/636"}],"wp:attachment":[{"href":"http:\/\/132.236.156.160\/cuccap\/wp-json\/wp\/v2\/media?parent=5578"}],"wp:term":[{"taxonomy":"post_tag","embeddable":true,"href":"http:\/\/132.236.156.160\/cuccap\/wp-json\/wp\/v2\/tags?post=5578"}],"curies":[{"name":"wp","href":"https:\/\/api.w.org\/{rel}","templated":true}]}}